
Let g(n) = n**2 - n - 11. Suppose 4*q - 5*q + 6 = 0. What is the tens digit of g(q)?
1
Let v be 0 + 1 + -8 + 7. Suppose v*y + 142 = y. What is the units digit of y?
2
Suppose -5*a = 5*w + 20, 3 = -a + 3*w - 1. What is the tens digit of (-1 + 14 - a)*3?
5
Suppose 4*r + 5*k - 986 = 2*k, 0 = 5*r - 3*k - 1219. What is the hundreds digit of r?
2
What is the units digit of 10/(320/(-328))*(-16)/2?
2
Let q(s) = s**3 - 7*s**2 + 25. Let t be q(8). Suppose 0 = -t*f + 92*f - 567. What is the units digit of f?
9
Suppose 4*s = -16, -2*d - s + 2 = -3*s. Let i(m) = -3*m - 6. Let b be i(-4). Let r = b - d. What is the units digit of r?
9
Suppose 49 = 2*s + 25. Suppose s*f - 125 = 7*f. What is the units digit of f?
5
Let i(x) = -x**2 + 15*x + 2. Let l be i(16). Let v = l - -20. What is the units digit of v?
6
Let i be (-2)/(-9) - 2/((-108)/258). Suppose -i*k = -504 - 421. What is the units digit of k?
5
Let a be (-3)/(2 - 1246/620). What is the tens digit of (-1)/(1235/a - 4)?
6
Let d(f) = 7*f**2 - 16*f + 41. Let k(v) = 10*v**2 - 24*v + 61. Let l(g) = -7*d(g) + 5*k(g). What is the hundreds digit of l(-8)?
1
Suppose 698 - 221 = 5*s + 4*k, 288 = 3*s + 3*k. What is the units digit of s?
3
Let v(c) = c + 56. Let q be 10/(-5) + (-34)/2. What is the tens digit of v(q)?
3
Suppose 552 = -9*o + 21*o. Suppose 0 = -7*q - o + 200. What is the tens digit of q?
2
Let t(u) be the third derivative of u**4/24 + 5*u**3/3 + 8*u**2. Let g be t(-5). Suppose -b = -a + 8, a - 3*b - 14 = -g*b. What is the tens digit of a?
1
What is the hundreds digit of (-2456)/(-4)*(-2)/(-6)*6?
2
Let o(j) be the first derivative of j**6/360 + j**5/24 + j**4/4 - 10*j**3/3 - 1. Let x(t) be the third derivative of o(t). What is the tens digit of x(-7)?
2
Let w = 4784 + -2213. What is the hundreds digit of w?
5
Suppose -2*h + 4 = -h. Suppose -f + 10 = h. Let t = 19 - f. What is the tens digit of t?
1
Let f be (5296/(-6))/(-4) + (-4)/(-12). Let w = -31 + f. What is the tens digit of w?
9
Suppose -4*u - q = -702, -5*q + 535 = 4*u - u. What is the tens digit of u?
7
Suppose -7 = p + 5*l - 2, 2*p = 3*l + 16. Suppose p*s - 3*s = 82. What is the tens digit of s?
4
Let u be ((-3)/6 - 1)*12. Let z be u/42 + 216/14. Let s = z + 19. What is the units digit of s?
4
Let s = 12 - 10. Let y(q) = -4 + q + s - 3. What is the units digit of y(6)?
1
Suppose 80 = 2*c - 5*c - b, 139 = -5*c + 4*b. Let u = 14 - c. What is the units digit of u?
1
Let v = 1441 - 897. What is the units digit of v?
4
Suppose 152*d = 159*d + 63. Suppose 0 = y - x + 8, -3*y - 3*x + 44 = -8*y. What is the units digit of d/(-1) - y/(-5)?
7
Suppose -10*p + 7*p + 816 = 0. What is the tens digit of p?
7
Suppose 0*b = -5*b - p + 154, 4*b - 132 = -3*p. What is the tens digit of b/25*(-115)/(-2)?
6
Let s be (-14)/(4/(2 - 0)). Let p(y) = -9*y + 4. Let l(o) = -17*o + 8. Let j(x) = 6*l(x) - 11*p(x). What is the tens digit of j(s)?
2
Suppose 5*v - m = 2*m + 657, 3*v - m - 395 = 0. Let f = -20 - -32. Suppose 3*q = f, -4*r + 0*q + v = -5*q. What is the units digit of r?
8
Let o(b) = b**2 - 6*b + 6. Suppose -7*l + 4 = -5*l. Suppose -k + l*k = 6. What is the units digit of o(k)?
6
Let t be 4/12 + 8/3. Let z(v) = 12*v + 7. Let g be z(t). Suppose 2*a - g = -15. What is the tens digit of a?
1
Suppose -2*w - 2935 = -3*c, -5*c + w + 5446 = 552. Suppose c = 9*a + 2*a. What is the units digit of a?
9
Let n = 1744 + 342. What is the tens digit of n?
8
Suppose 31540 = 32*p - 13*p. What is the thousands digit of p?
1
Let n = -1 + 363. What is the units digit of n?
2
Let b be (0 + -3 - 0) + (2 - 14). Let l(z) = -3*z**2 + 2*z**2 + 4*z**2 + 15*z - 2*z**2 + 20. What is the tens digit of l(b)?
2
Suppose 0 = -40*o + 70*o - 27120. What is the tens digit of o?
0
Let w = 144 - -47. What is the units digit of w?
1
Suppose -3262 = 16*d - 23*d. What is the units digit of d?
6
What is the units digit of ((-17)/(-119))/((-1)/(-8309))?
7
Let h = -5 + 7. Suppose -h*p = -4*p + 134. What is the tens digit of p?
6
What is the tens digit of 1305/6*(-152)/(-12)?
5
Let c(o) = 17*o + 3. Let x(u) = u**3 - 5*u**2 - 6*u + 5. Let q be x(6). Suppose q = y + 1. What is the tens digit of c(y)?
7
Suppose -z - 1 = -5*j - 2, -5*j + 5 = 5*z. Suppose -6*c + c + 435 = j. What is the units digit of c?
7
Let j(b) = 6*b - 7. What is the tens digit of j(3)?
1
Let z = 528 + -293. What is the tens digit of z?
3
Let o = -21 + 21. What is the units digit of 22/(-99) + o + (-614)/(-9)?
8
Suppose -170 = -5*f - 5*a, f + 2*a + 0*a - 38 = 0. Suppose -7*k = -131 - f. What is the units digit of k?
3
Let o(w) = 4*w**2 - 13*w - 3. Let r be o(6). What is the tens digit of -1 + r - (-6)/(-2)?
5
Let m = -109 + 309. Suppose -2*t + 88 + m = 0. What is the tens digit of t?
4
Suppose 0 = -28*l + 13417 + 33595. What is the tens digit of l?
7
Suppose -11*z - 22 = -0*z. What is the units digit of 2 - ((1 - z) + -69)?
8
Let x = -3727 - -5274. What is the thousands digit of x?
1
Let n(i) = -3*i + 12. Let a be 2*(-16 + 3 + 1). Let h be (a/(-9)*-3)/1. What is the tens digit of n(h)?
3
Let y(a) = -65*a - 8. What is the units digit of y(-14)?
2
What is the hundreds digit of -6 + 4005 + -12*1?
9
Let v(g) = g**3 + 2*g**2 - 2*g + 7. Let z be v(-3). What is the tens digit of (23*-4)/(2 - z)?
4
Suppose 12 = -2*j + 2. Let d(a) = 5*a + 5 + 0 - 8*a - 1. What is the tens digit of d(j)?
1
Suppose -24*k - 16412 = -5*d - 21*k, 4*d + k = 13133. What is the units digit of d?
3
Let n(p) = 29*p**2 - 5*p - 127. What is the units digit of n(-7)?
9
Suppose -74 - 230 = 5*b + 2*x, 2*b = -x - 122. Let w = -25 - b. What is the units digit of w?
5
Let m(w) = 179*w**2 + 2*w + 7. What is the hundreds digit of m(-2)?
7
What is the units digit of 1433*((-60)/(-150))/(2/5)?
3
Suppose 5*q - 6*v - 13123 = -5*v, -4*q + 10498 = -v. What is the thousands digit of q?
2
Let y be ((-24)/(-10))/(3/60). Let r be (-2)/(-11) - y/22. Let l = r + 27. What is the units digit of l?
5
Let a be 0 + (-2 - -2) - 2. Let r(v) = 2*v**2 + 2*v + 3. Let t be r(a). Suppose -c + 3*b = -t, 3*b + 68 = 4*c + 13. What is the tens digit of c?
1
Let f = 136 + 123. What is the units digit of f?
9
Let m(a) = a**2 - a - 7. Let r be m(0). Let y(x) be the second derivative of -x**4/12 - 4*x**3/3 + 9*x**2/2 + 41*x. What is the units digit of y(r)?
6
Let o = -568 - -2066. What is the hundreds digit of o?
4
Suppose 443 = -126*h + 127*h. What is the hundreds digit of h?
4
Let q(g) = g - 2 - 3*g - 2. Let b be q(-6). What is the tens digit of 54 - (b - (-16)/(-4))?
5
Let v = 32 + 3. What is the units digit of v?
5
Suppose -t = f + f + 78, -2*t - 5*f = 158. Let b = t - -195. What is the hundreds digit of b?
1
Let i(m) = m**3 + 11*m**2 - 9*m + 8. Let y be i(-11). Suppose 2*o + 74 = 3*k, -y = -5*k - 2*o + 11. What is the tens digit of k?
2
What is the tens digit of 3 + 0 - (10*-130 + -4)?
0
Suppose 0 = 5*n + 2*l - 3*l - 4682, 4690 = 5*n - 5*l. Suppose w = -11*w + n. What is the tens digit of w?
7
Suppose t = 4*t - 6. Suppose -2 = -t*l + 8. Suppose -2*p = -l*p + 66. What is the units digit of p?
2
Suppose -n = -3*v - 658, 5*n + v + 0*v - 3242 = 0. What is the hundreds digit of n?
6
Let x(b) = 133*b - 7. Suppose i - c = 3*c - 14, -3*i - 3*c = -18. What is the tens digit of x(i)?
5
Let d(g) = -13*g + 11. Let l(r) = -129*r + 111. Let t(x) = -21*d(x) + 2*l(x). What is the tens digit of t(6)?
8
Let d(n) = 15*n**2 + 2*n + 1. What is the hundreds digit of d(-4)?
2
Let x be (-1002)/9 + 5/15. Let g = x - -205. What is the units digit of g?
4
Let t(x) = x - 9. Suppose 4*n = 3*i + 41, 3*i = 5*n - 2*n - 30. Let v be t(n). Suppose 4*k + v*b = -k + 92, -3*k + b + 53 = 0. What is the tens digit of k?
1
Let i(k) = k**2 - 6*k + 3. Suppose 11 = 2*t - 1. Let s be i(t). Suppose s*r + 2 - 3 = -4*f, -18 = -2*f + 2*r. What is the units digit of f?
4
Suppose -y + 4*y = 2*a + 119, 0 = -5*y + 3*a + 200. Let m = y + -25. What is the units digit of (-2354)/(-99) - (-4)/m?
4
Suppose 5*t = -3*s + 1115 + 6306, 2*t - 2957 = -5*s. What is the hundreds digit of t?
4
Suppose -q = 2*j - 6*q - 30, -q = 4. Suppose j*d = -24 + 34. Suppose d*u - a - 127 = 0, 34 = u + a - 37. What is the units digit of u?
6
Let s = -2966 - -4494. What is the tens digit of s?
2
Let h be (1 + 0)*-1 - -5. Suppose 2*i - h = -2*d + 2, -4*i = 0. Suppose 0 = d*a - 48 - 9. Wh